{"id":5408,"date":"2022-11-05T14:23:26","date_gmt":"2022-11-05T14:23:26","guid":{"rendered":"https:\/\/rossau.dorfgeschichte-mettmenstetten.ch\/?page_id=5408"},"modified":"2022-11-05T15:44:44","modified_gmt":"2022-11-05T15:44:44","slug":"tafel-23-hof-meili","status":"publish","type":"page","link":"https:\/\/rossau.ch\/index.php\/tafel-23-hof-meili\/","title":{"rendered":"Tafel 23 &#8211; Hof Meili"},"content":{"rendered":"\n<h4 class=\"alignfull has-text-align-center has-ast-global-color-2-color has-text-color wp-block-heading\">Dorfgeschichte Rossau<\/h4>\n\n\n\n<h5 class=\"alignfull has-text-align-center has-ast-global-color-5-color has-text-color has-background wp-block-heading\" style=\"background-color:#c83232;margin-bottom:0px\">Tafel 23 &#8211; Hof Meili<\/h5>\n\n\n\n<h6 class=\"alignfull has-text-align-center has-background wp-block-heading\" style=\"background-color:#8e8e8e;margin-top:0px;margin-bottom:0px\"><\/h6>\n\n\n\n<div style=\"height:30px\" aria-hidden=\"true\" class=\"wp-block-spacer\"><\/div>\n\n\n\n<p class=\"has-text-align-justify wp-block-paragraph\"><strong>B\u00e4uerliche Kleinbetriebe durchlebten immer schwere Zeiten<\/strong><br><br>Das Haus mit separater Scheune und Stall wurde 1837 gebaut und steht zwischen dem Wasserreservoir und dem Bauernhof Hug.<\/p>\n\n\n\n<div style=\"height:20px\" aria-hidden=\"true\" class=\"wp-block-spacer\"><\/div>\n\n\n\n<figure class=\"wp-block-image aligncenter size-large\"><img loading=\"lazy\" decoding=\"async\" width=\"1024\" height=\"658\" src=\"https:\/\/rossau.ch\/wp-content\/uploads\/2022\/11\/Hof-Meili-1-1024x658.jpg\" alt=\"\" class=\"wp-image-5411\" srcset=\"https:\/\/rossau.ch\/wp-content\/uploads\/2022\/11\/Hof-Meili-1-1024x658.jpg 1024w, https:\/\/rossau.ch\/wp-content\/uploads\/2022\/11\/Hof-Meili-1-300x193.jpg 300w, https:\/\/rossau.ch\/wp-content\/uploads\/2022\/11\/Hof-Meili-1-150x96.jpg 150w, https:\/\/rossau.ch\/wp-content\/uploads\/2022\/11\/Hof-Meili-1-768x494.jpg 768w, https:\/\/rossau.ch\/wp-content\/uploads\/2022\/11\/Hof-Meili-1-1536x987.jpg 1536w, https:\/\/rossau.ch\/wp-content\/uploads\/2022\/11\/Hof-Meili-1-2048x1317.jpg 2048w\" sizes=\"auto, (max-width: 1024px) 100vw, 1024px\" \/><\/figure>\n\n\n\n<p class=\"has-text-align-justify wp-block-paragraph\">Im Jahre 1902 hatte Karl Meili, geb. 1870, es zu Eigentum erworben und sp\u00e4ter wurde es vom Sohn Werner, geb. 1897 zu Eigentum \u00fcbernommen. Von den drei S\u00f6hnen Karl (1925), Werner (1927) und Adolf (1930) f\u00fchrten die zwei \u00e4lteren anfangs den Hof gemeinsam weiter bis in die 1960er Jahre. Mit 7 \u00bd ha Kulturland war es ein eher kleiner Betrieb und das Auskommen f\u00fcr die Familie mehr als bescheiden. Karl Meili arbeitete sp\u00e4ter beim Kanton und Werner war Kranf\u00fchrer bei der Firma Crescionini in Mettmenstetten. Hingegen Adolf Meili, der 1968 auf dem Land unterhalb des elterlichen Hofes sein eigenes Haus baute, war w\u00e4hrend vieler Jahr in Kanada und Nigeria als Fachkraft t\u00e4tig. Adolf Meili ist der Verfasser der Festschrift \u00ab100 Jahre Wasserversorgung Rossau\u00bb 1898 \u2013 1998.<\/p>\n\n\n\n<div style=\"height:20px\" aria-hidden=\"true\" class=\"wp-block-spacer\"><\/div>\n\n\n\n<div class=\"wp-block-buttons is-content-justification-center is-layout-flex wp-container-core-buttons-is-layout-3e41869c wp-block-buttons-is-layout-flex\">\n<div class=\"wp-block-button aligncenter\"><a class=\"wp-block-button__link has-ast-global-color-5-color has-text-color has-background wp-element-button\" href=\"https:\/\/rossau.ch\/index.php\/tafel-24-haus-schmid\/\" style=\"border-radius:0px;background-color:#c83232\">weiter mit dem Rundgang<\/a><\/div>\n<\/div>\n\n\n\n<div style=\"height:20px\" aria-hidden=\"true\" class=\"wp-block-spacer\"><\/div>\n\n\n\n<div style=\"height:20px\" aria-hidden=\"true\" class=\"wp-block-spacer\"><\/div>\n\n\n\n<h6 class=\"alignfull has-text-align-center has-background wp-block-heading\" style=\"background-color:#8e8e8e;margin-top:0px;margin-bottom:0px\"><\/h6>\n","protected":false},"excerpt":{"rendered":"<p>Dorfgeschichte Rossau Tafel 23 &#8211; Hof Meili B\u00e4uerliche Kleinbetriebe durchlebten immer schwere Zeiten Das Haus mit separater Scheune und Stall wurde 1837 gebaut und steht zwischen dem Wasserreservoir und dem Bauernhof Hug. Im Jahre 1902 hatte Karl Meili, geb. 1870, es zu Eigentum erworben und sp\u00e4ter wurde es vom Sohn Werner, geb. 1897 zu Eigentum [&hellip;]<\/p>\n","protected":false},"author":5,"featured_media":0,"parent":0,"menu_order":0,"comment_status":"closed","ping_status":"closed","template":"","meta":{"_editorskit_title_hidden":false,"_editorskit_reading_time":1,"_editorskit_is_block_options_detached":false,"_editorskit_block_options_position":"{}","site-sidebar-layout":"default","site-content-layout":"plain-container","ast-site-content-layout":"default","site-content-style":"default","site-sidebar-style":"default","ast-global-header-display":"","ast-banner-title-visibility":"","ast-main-header-display":"","ast-hfb-above-header-display":"","ast-hfb-below-header-display":"","ast-hfb-mobile-header-display":"","site-post-title":"disabled","ast-breadcrumbs-content":"","ast-featured-img":"","footer-sml-layout":"","ast-disable-related-posts":"","theme-transparent-header-meta":"","adv-header-id-meta":"","stick-header-meta":"","header-above-stick-meta":"","header-main-stick-meta":"","header-below-stick-meta":"","astra-migrate-meta-layouts":"default","ast-page-background-enabled":"default","ast-page-background-meta":{"desktop":{"background-color":"","background-image":"","background-repeat":"repeat","background-position":"center center","background-size":"auto","background-attachment":"scroll","background-type":"","background-media":"","overlay-type":"","overlay-color":"","overlay-opacity":"","overlay-gradient":""},"tablet":{"background-color":"","background-image":"","background-repeat":"repeat","background-position":"center center","background-size":"auto","background-attachment":"scroll","background-type":"","background-media":"","overlay-type":"","overlay-color":"","overlay-opacity":"","overlay-gradient":""},"mobile":{"background-color":"","background-image":"","background-repeat":"repeat","background-position":"center center","background-size":"auto","background-attachment":"scroll","background-type":"","background-media":"","overlay-type":"","overlay-color":"","overlay-opacity":"","overlay-gradient":""}},"ast-content-background-meta":{"desktop":{"background-color":"var(--ast-global-color-5)","background-image":"","background-repeat":"repeat","background-position":"center center","background-size":"auto","background-attachment":"scroll","background-type":"","background-media":"","overlay-type":"","overlay-color":"","overlay-opacity":"","overlay-gradient":""},"tablet":{"background-color":"var(--ast-global-color-5)","background-image":"","background-repeat":"repeat","background-position":"center center","background-size":"auto","background-attachment":"scroll","background-type":"","background-media":"","overlay-type":"","overlay-color":"","overlay-opacity":"","overlay-gradient":""},"mobile":{"background-color":"var(--ast-global-color-5)","background-image":"","background-repeat":"repeat","background-position":"center center","background-size":"auto","background-attachment":"scroll","background-type":"","background-media":"","overlay-type":"","overlay-color":"","overlay-opacity":"","overlay-gradient":""}},"footnotes":""},"class_list":["post-5408","page","type-page","status-publish","hentry"],"_links":{"self":[{"href":"https:\/\/rossau.ch\/index.php\/wp-json\/wp\/v2\/pages\/5408","targetHints":{"allow":["GET"]}}],"collection":[{"href":"https:\/\/rossau.ch\/index.php\/wp-json\/wp\/v2\/pages"}],"about":[{"href":"https:\/\/rossau.ch\/index.php\/wp-json\/wp\/v2\/types\/page"}],"author":[{"embeddable":true,"href":"https:\/\/rossau.ch\/index.php\/wp-json\/wp\/v2\/users\/5"}],"replies":[{"embeddable":true,"href":"https:\/\/rossau.ch\/index.php\/wp-json\/wp\/v2\/comments?post=5408"}],"version-history":[{"count":3,"href":"https:\/\/rossau.ch\/index.php\/wp-json\/wp\/v2\/pages\/5408\/revisions"}],"predecessor-version":[{"id":5485,"href":"https:\/\/rossau.ch\/index.php\/wp-json\/wp\/v2\/pages\/5408\/revisions\/5485"}],"wp:attachment":[{"href":"https:\/\/rossau.ch\/index.php\/wp-json\/wp\/v2\/media?parent=5408"}],"curies":[{"name":"wp","href":"https:\/\/api.w.org\/{rel}","templated":true}]}}

<h4 class="alignfull has-text-align-center has-ast-global-color-2-color has-text-color wp-block-heading">Dorfgeschichte Rossau</h4>



<h5 class="alignfull has-text-align-center has-ast-global-color-5-color has-text-color has-background wp-block-heading" style="background-color:#c83232;margin-bottom:0px">Tafel 23 &#8211; Hof Meili</h5>



<h6 class="alignfull has-text-align-center has-background wp-block-heading" style="background-color:#8e8e8e;margin-top:0px;margin-bottom:0px"></h6>



<div style="height:30px" aria-hidden="true" class="wp-block-spacer"></div>



<p class="has-text-align-justify wp-block-paragraph"><strong>Bäuerliche Kleinbetriebe durchlebten immer schwere Zeiten</strong><br><br>Das Haus mit separater Scheune und Stall wurde 1837 gebaut und steht zwischen dem Wasserreservoir und dem Bauernhof Hug.</p>



<div style="height:20px" aria-hidden="true" class="wp-block-spacer"></div>



<figure class="wp-block-image aligncenter size-large"><img loading="lazy" decoding="async" width="1024" height="658" src="https://rossau.ch/wp-content/uploads/2022/11/Hof-Meili-1-1024x658.jpg" alt="" class="wp-image-5411" srcset="https://rossau.ch/wp-content/uploads/2022/11/Hof-Meili-1-1024x658.jpg 1024w, https://rossau.ch/wp-content/uploads/2022/11/Hof-Meili-1-300x193.jpg 300w, https://rossau.ch/wp-content/uploads/2022/11/Hof-Meili-1-150x96.jpg 150w, https://rossau.ch/wp-content/uploads/2022/11/Hof-Meili-1-768x494.jpg 768w, https://rossau.ch/wp-content/uploads/2022/11/Hof-Meili-1-1536x987.jpg 1536w, https://rossau.ch/wp-content/uploads/2022/11/Hof-Meili-1-2048x1317.jpg 2048w" sizes="auto, (max-width: 1024px) 100vw, 1024px" /></figure>



<p class="has-text-align-justify wp-block-paragraph">Im Jahre 1902 hatte Karl Meili, geb. 1870, es zu Eigentum erworben und später wurde es vom Sohn Werner, geb. 1897 zu Eigentum übernommen. Von den drei Söhnen Karl (1925), Werner (1927) und Adolf (1930) führten die zwei älteren anfangs den Hof gemeinsam weiter bis in die 1960er Jahre. Mit 7 ½ ha Kulturland war es ein eher kleiner Betrieb und das Auskommen für die Familie mehr als bescheiden. Karl Meili arbeitete später beim Kanton und Werner war Kranführer bei der Firma Crescionini in Mettmenstetten. Hingegen Adolf Meili, der 1968 auf dem Land unterhalb des elterlichen Hofes sein eigenes Haus baute, war während vieler Jahr in Kanada und Nigeria als Fachkraft tätig. Adolf Meili ist der Verfasser der Festschrift «100 Jahre Wasserversorgung Rossau» 1898 – 1998.</p>



<div style="height:20px" aria-hidden="true" class="wp-block-spacer"></div>



<div class="wp-block-buttons is-content-justification-center is-layout-flex wp-container-core-buttons-is-layout-3e41869c wp-block-buttons-is-layout-flex">
<div class="wp-block-button aligncenter"><a class="wp-block-button__link has-ast-global-color-5-color has-text-color has-background wp-element-button" href="https://rossau.ch/index.php/tafel-24-haus-schmid/" style="border-radius:0px;background-color:#c83232">weiter mit dem Rundgang</a></div>
</div>



<div style="height:20px" aria-hidden="true" class="wp-block-spacer"></div>



<div style="height:20px" aria-hidden="true" class="wp-block-spacer"></div>



<h6 class="alignfull has-text-align-center has-background wp-block-heading" style="background-color:#8e8e8e;margin-top:0px;margin-bottom:0px"></h6>

<p>Dorfgeschichte Rossau Tafel 23 &#8211; Hof Meili Bäuerliche Kleinbetriebe durchlebten immer schwere Zeiten Das Haus mit separater Scheune und Stall wurde 1837 gebaut und steht zwischen dem Wasserreservoir und dem Bauernhof Hug. Im Jahre 1902 hatte Karl Meili, geb. 1870, es zu Eigentum erworben und später wurde es vom Sohn Werner, geb. 1897 zu Eigentum [&hellip;]</p>
