{"id":4982,"date":"2022-05-20T06:40:07","date_gmt":"2022-05-20T06:40:07","guid":{"rendered":"http:\/\/rossau.dorfgeschichte-mettmenstetten.ch\/?page_id=4982"},"modified":"2025-12-26T08:53:38","modified_gmt":"2025-12-26T08:53:38","slug":"uebersicht-anlaesse","status":"publish","type":"page","link":"https:\/\/rossau.ch\/index.php\/uebersicht-anlaesse\/","title":{"rendered":"\u00dcbersicht Anl\u00e4sse"},"content":{"rendered":"\n<h5 class=\"wp-block-heading alignfull has-text-align-center has-ast-global-color-5-color has-text-color has-background\" style=\"background-color:#c83232;margin-bottom:0px\">\u00dcbersicht Anl\u00e4sse<\/h5>\n\n\n\n<h6 class=\"wp-block-heading alignfull has-text-align-center has-background\" style=\"background-color:#8e8e8e;margin-top:0px;margin-bottom:0px\"><\/h6>\n\n\n\n<div style=\"height:30px\" aria-hidden=\"true\" class=\"wp-block-spacer\"><\/div>\n\n\n\n<h4 class=\"wp-block-heading has-text-align-center\"><strong><span style=\"text-decoration: underline;\" class=\"ek-underline\">Adventsfenster<\/span><\/strong><\/h4>\n\n\n\n<p class=\"has-text-align-center wp-block-paragraph\">Ein grosses Dankesch\u00f6n an alle, welche unser Dorf so wunderbar strahlen lassen.<\/p>\n\n\n\n<figure class=\"wp-block-image aligncenter size-full\"><img loading=\"lazy\" decoding=\"async\" width=\"480\" height=\"400\" src=\"https:\/\/rossau.ch\/wp-content\/uploads\/2022\/11\/adventsfenster.jpg\" alt=\"\" class=\"wp-image-5244\" srcset=\"https:\/\/rossau.ch\/wp-content\/uploads\/2022\/11\/adventsfenster.jpg 480w, https:\/\/rossau.ch\/wp-content\/uploads\/2022\/11\/adventsfenster-300x250.jpg 300w, https:\/\/rossau.ch\/wp-content\/uploads\/2022\/11\/adventsfenster-144x120.jpg 144w\" sizes=\"auto, (max-width: 480px) 100vw, 480px\" \/><\/figure>\n\n\n\n<div style=\"height:40px\" aria-hidden=\"true\" class=\"wp-block-spacer\"><\/div>\n\n\n\n<div class=\"wp-block-columns is-layout-flex wp-container-core-columns-is-layout-7387b849 wp-block-columns-is-layout-flex\">\n<div class=\"wp-block-column is-layout-flow wp-block-column-is-layout-flow\">\n<figure class=\"wp-block-embed is-type-video is-provider-youtube wp-block-embed-youtube wp-embed-aspect-16-9 wp-has-aspect-ratio\"><div class=\"wp-block-embed__wrapper\">\n<iframe loading=\"lazy\" title=\"Rossauer Weihnachtsfenster S. Brun 2021 01 17 16 29 09\" width=\"500\" height=\"281\" src=\"https:\/\/www.youtube.com\/embed\/Xtn48i9W3FM?feature=oembed\" frameborder=\"0\" allow=\"accelerometer; autoplay; clipboard-write; encrypted-media; gyroscope; picture-in-picture; web-share\" referrerpolicy=\"strict-origin-when-cross-origin\" allowfullscreen><\/iframe>\n<\/div><\/figure>\n<\/div>\n\n\n\n<div class=\"wp-block-column is-layout-flow wp-block-column-is-layout-flow\">\n<div style=\"height:100px\" aria-hidden=\"true\" class=\"wp-block-spacer\"><\/div>\n\n\n\n<p class=\"has-text-align-center wp-block-paragraph\"><strong>Film Adventsfernster 2020<\/strong><br><br>Vielen Dank an Stefan Brun f\u00fcr die Erstellung dieses Videos.<\/p>\n<\/div>\n<\/div>\n\n\n\n<div style=\"height:40px\" aria-hidden=\"true\" class=\"wp-block-spacer\"><\/div>\n\n\n\n<div style=\"height:0px\" aria-hidden=\"true\" class=\"wp-block-spacer\"><\/div>\n\n\n\n<h6 class=\"wp-block-heading alignfull has-text-align-center has-ast-global-color-3-background-color has-background\"><\/h6>\n\n\n\n<div style=\"height:40px\" aria-hidden=\"true\" class=\"wp-block-spacer\"><\/div>\n\n\n\n<h4 class=\"wp-block-heading has-text-align-center\"><strong><span style=\"text-decoration: underline;\" class=\"ek-underline\">R\u00e4benliechtliumzug<\/span><\/strong><\/h4>\n\n\n\n<div style=\"height:40px\" aria-hidden=\"true\" class=\"wp-block-spacer\"><\/div>\n\n\n\n<p class=\"has-text-align-justify wp-block-paragraph\">Jedes Jahr anfangs November findet in Rossau der traditionelle R\u00e4benliechtliumzug statt. Dieser wir jeweils von den Rossauer Kindern der 6. Klasse organisiert. Informationen bez\u00fcglich der Durchf\u00fchrung wird jeweils mit Flyer und im Rossauer Chat mitgeteilt.<\/p>\n\n\n\n<figure class=\"wp-block-image aligncenter size-full\"><img loading=\"lazy\" decoding=\"async\" width=\"697\" height=\"351\" src=\"https:\/\/rossau.ch\/wp-content\/uploads\/2022\/11\/raebenliechtli.jpeg\" alt=\"\" class=\"wp-image-5264\" srcset=\"https:\/\/rossau.ch\/wp-content\/uploads\/2022\/11\/raebenliechtli.jpeg 697w, https:\/\/rossau.ch\/wp-content\/uploads\/2022\/11\/raebenliechtli-300x151.jpeg 300w, https:\/\/rossau.ch\/wp-content\/uploads\/2022\/11\/raebenliechtli-150x76.jpeg 150w\" sizes=\"auto, (max-width: 697px) 100vw, 697px\" \/><\/figure>\n\n\n\n<h6 class=\"wp-block-heading alignfull has-text-align-center has-ast-global-color-3-background-color has-background\"><\/h6>\n\n\n\n<div style=\"height:40px\" aria-hidden=\"true\" class=\"wp-block-spacer\"><\/div>\n\n\n\n<h4 class=\"wp-block-heading has-text-align-center\"><strong><span style=\"text-decoration: underline;\" class=\"ek-underline\">Seifenkistenrennen<\/span><\/strong><\/h4>\n\n\n\n<figure class=\"wp-block-image aligncenter size-full\"><a href=\"http:\/\/gp.rossau.ch\/\" target=\"_blank\" rel=\"noreferrer noopener\"><img loading=\"lazy\" decoding=\"async\" width=\"1711\" height=\"695\" src=\"https:\/\/rossau.ch\/wp-content\/uploads\/2022\/11\/seifenkistenrennen.png\" alt=\"\" class=\"wp-image-5267\" srcset=\"https:\/\/rossau.ch\/wp-content\/uploads\/2022\/11\/seifenkistenrennen.png 1711w, https:\/\/rossau.ch\/wp-content\/uploads\/2022\/11\/seifenkistenrennen-300x122.png 300w, https:\/\/rossau.ch\/wp-content\/uploads\/2022\/11\/seifenkistenrennen-1024x416.png 1024w, https:\/\/rossau.ch\/wp-content\/uploads\/2022\/11\/seifenkistenrennen-150x61.png 150w, https:\/\/rossau.ch\/wp-content\/uploads\/2022\/11\/seifenkistenrennen-768x312.png 768w, https:\/\/rossau.ch\/wp-content\/uploads\/2022\/11\/seifenkistenrennen-1536x624.png 1536w\" sizes=\"auto, (max-width: 1711px) 100vw, 1711px\" \/><\/a><\/figure>\n\n\n\n<h6 class=\"wp-block-heading alignfull has-text-align-center has-ast-global-color-3-background-color has-background\"><\/h6>\n\n\n\n<div style=\"height:40px\" aria-hidden=\"true\" class=\"wp-block-spacer\"><\/div>\n\n\n\n<h4 class=\"wp-block-heading has-text-align-center\"><strong><span style=\"text-decoration: underline;\" class=\"ek-underline\">Fasnacht Rossau<\/span><\/strong><\/h4>\n\n\n\n<div style=\"height:40px\" aria-hidden=\"true\" class=\"wp-block-spacer\"><\/div>\n\n\n\n<div class=\"wp-block-columns is-layout-flex wp-container-core-columns-is-layout-7387b849 wp-block-columns-is-layout-flex\">\n<div class=\"wp-block-column is-layout-flow wp-block-column-is-layout-flow\">\n<figure class=\"wp-block-image aligncenter size-large\"><img loading=\"lazy\" decoding=\"async\" width=\"1024\" height=\"681\" src=\"https:\/\/rossau.ch\/wp-content\/uploads\/2022\/11\/fasnachtsumzug-1024x681.jpg\" alt=\"\" class=\"wp-image-5273\" srcset=\"https:\/\/rossau.ch\/wp-content\/uploads\/2022\/11\/fasnachtsumzug-1024x681.jpg 1024w, https:\/\/rossau.ch\/wp-content\/uploads\/2022\/11\/fasnachtsumzug-300x199.jpg 300w, https:\/\/rossau.ch\/wp-content\/uploads\/2022\/11\/fasnachtsumzug-150x100.jpg 150w, https:\/\/rossau.ch\/wp-content\/uploads\/2022\/11\/fasnachtsumzug-768x511.jpg 768w, https:\/\/rossau.ch\/wp-content\/uploads\/2022\/11\/fasnachtsumzug-1536x1021.jpg 1536w, https:\/\/rossau.ch\/wp-content\/uploads\/2022\/11\/fasnachtsumzug-2048x1362.jpg 2048w\" sizes=\"auto, (max-width: 1024px) 100vw, 1024px\" \/><\/figure>\n<\/div>\n\n\n\n<div class=\"wp-block-column is-layout-flow wp-block-column-is-layout-flow\">\n<div style=\"height:70px\" aria-hidden=\"true\" class=\"wp-block-spacer\"><\/div>\n\n\n\n<h4 class=\"wp-block-heading has-text-align-center\">Fastnachtsumzug<\/h4>\n\n\n\n<p class=\"has-text-align-center wp-block-paragraph\">Einer der wohl l\u00e4ngsten Umz\u00fcge geht von Dorf zu Dorf und zieht auch in Rossau jedes Jahr vorbei. Mit grossen Wagen, kleinen Beitr\u00e4gen und viel Musik ist immer f\u00fcr Aufregung gesorgt. Organisiert wird der Anlass von der <br><a aria-label=\"Fasnachts Gesellschaft Uerzlikon (opens in a new tab)\" href=\"http:\/\/www.fgu.ch\/\" target=\"_blank\" rel=\"noreferrer noopener\" class=\"ek-link\"><strong>F<\/strong>asnachts <strong>G<\/strong>esellschaft <strong>U<\/strong>erzlikon<\/a>.<\/p>\n<\/div>\n<\/div>\n\n\n\n<div class=\"wp-block-columns is-layout-flex wp-container-core-columns-is-layout-7387b849 wp-block-columns-is-layout-flex\">\n<div class=\"wp-block-column is-layout-flow wp-block-column-is-layout-flow\">\n<div style=\"height:70px\" aria-hidden=\"true\" class=\"wp-block-spacer\"><\/div>\n\n\n\n<h4 class=\"wp-block-heading has-text-align-center\">Alph\u00fctte Beizli<\/h4>\n\n\n\n<p class=\"has-text-align-center wp-block-paragraph\">Das Alph\u00fctte Beizli in Rossau ist legend\u00e4r und weit bekannt. Es ist immer ein geselliges Treiben mit musikalischer Unterhaltung und Guggenmusik. Schaue vorbei und geniesse die Fasnacht mit uns.<\/p>\n<\/div>\n\n\n\n<div class=\"wp-block-column is-layout-flow wp-block-column-is-layout-flow\">\n<figure class=\"wp-block-image aligncenter size-large\"><img loading=\"lazy\" decoding=\"async\" width=\"1024\" height=\"550\" src=\"https:\/\/rossau.ch\/wp-content\/uploads\/2022\/11\/fasnachtsbeizli-1024x550.jpg\" alt=\"\" class=\"wp-image-5279\" srcset=\"https:\/\/rossau.ch\/wp-content\/uploads\/2022\/11\/fasnachtsbeizli-1024x550.jpg 1024w, https:\/\/rossau.ch\/wp-content\/uploads\/2022\/11\/fasnachtsbeizli-300x161.jpg 300w, https:\/\/rossau.ch\/wp-content\/uploads\/2022\/11\/fasnachtsbeizli-150x81.jpg 150w, https:\/\/rossau.ch\/wp-content\/uploads\/2022\/11\/fasnachtsbeizli-768x413.jpg 768w, https:\/\/rossau.ch\/wp-content\/uploads\/2022\/11\/fasnachtsbeizli-1536x825.jpg 1536w, https:\/\/rossau.ch\/wp-content\/uploads\/2022\/11\/fasnachtsbeizli-2048x1101.jpg 2048w\" sizes=\"auto, (max-width: 1024px) 100vw, 1024px\" \/><\/figure>\n<\/div>\n<\/div>\n\n\n\n<div style=\"height:30px\" aria-hidden=\"true\" class=\"wp-block-spacer\"><\/div>\n\n\n\n<h6 class=\"wp-block-heading alignfull has-text-align-center has-background\" style=\"background-color:#8e8e8e;margin-top:0px;margin-bottom:0px\"><\/h6>\n","protected":false},"excerpt":{"rendered":"<p>\u00dcbersicht Anl\u00e4sse Adventsfenster Ein grosses Dankesch\u00f6n an alle, welche unser Dorf so wunderbar strahlen lassen. Film Adventsfernster 2020 Vielen Dank an Stefan Brun f\u00fcr die Erstellung dieses Videos. R\u00e4benliechtliumzug Jedes Jahr anfangs November findet in Rossau der traditionelle R\u00e4benliechtliumzug statt. Dieser wir jeweils von den Rossauer Kindern der 6. Klasse organisiert. Informationen bez\u00fcglich der Durchf\u00fchrung [&hellip;]<\/p>\n","protected":false},"author":5,"featured_media":0,"parent":0,"menu_order":0,"comment_status":"closed","ping_status":"closed","template":"","meta":{"_editorskit_title_hidden":false,"_editorskit_reading_time":1,"_editorskit_is_block_options_detached":false,"_editorskit_block_options_position":"{}","site-sidebar-layout":"default","site-content-layout":"plain-container","ast-site-content-layout":"normal-width-container","site-content-style":"unboxed","site-sidebar-style":"unboxed","ast-global-header-display":"","ast-banner-title-visibility":"","ast-main-header-display":"","ast-hfb-above-header-display":"","ast-hfb-below-header-display":"","ast-hfb-mobile-header-display":"","site-post-title":"disabled","ast-breadcrumbs-content":"","ast-featured-img":"","footer-sml-layout":"","ast-disable-related-posts":"","theme-transparent-header-meta":"","adv-header-id-meta":"","stick-header-meta":"","header-above-stick-meta":"","header-main-stick-meta":"","header-below-stick-meta":"","astra-migrate-meta-layouts":"set","ast-page-background-enabled":"default","ast-page-background-meta":{"desktop":{"background-color":"","background-image":"","background-repeat":"repeat","background-position":"center center","background-size":"auto","background-attachment":"scroll","background-type":"","background-media":"","overlay-type":"","overlay-color":"","overlay-opacity":"","overlay-gradient":""},"tablet":{"background-color":"","background-image":"","background-repeat":"repeat","background-position":"center center","background-size":"auto","background-attachment":"scroll","background-type":"","background-media":"","overlay-type":"","overlay-color":"","overlay-opacity":"","overlay-gradient":""},"mobile":{"background-color":"","background-image":"","background-repeat":"repeat","background-position":"center center","background-size":"auto","background-attachment":"scroll","background-type":"","background-media":"","overlay-type":"","overlay-color":"","overlay-opacity":"","overlay-gradient":""}},"ast-content-background-meta":{"desktop":{"background-color":"var(--ast-global-color-5)","background-image":"","background-repeat":"repeat","background-position":"center center","background-size":"auto","background-attachment":"scroll","background-type":"","background-media":"","overlay-type":"","overlay-color":"","overlay-opacity":"","overlay-gradient":""},"tablet":{"background-color":"var(--ast-global-color-5)","background-image":"","background-repeat":"repeat","background-position":"center center","background-size":"auto","background-attachment":"scroll","background-type":"","background-media":"","overlay-type":"","overlay-color":"","overlay-opacity":"","overlay-gradient":""},"mobile":{"background-color":"var(--ast-global-color-5)","background-image":"","background-repeat":"repeat","background-position":"center center","background-size":"auto","background-attachment":"scroll","background-type":"","background-media":"","overlay-type":"","overlay-color":"","overlay-opacity":"","overlay-gradient":""}},"footnotes":""},"class_list":["post-4982","page","type-page","status-publish","hentry"],"_links":{"self":[{"href":"https:\/\/rossau.ch\/index.php\/wp-json\/wp\/v2\/pages\/4982","targetHints":{"allow":["GET"]}}],"collection":[{"href":"https:\/\/rossau.ch\/index.php\/wp-json\/wp\/v2\/pages"}],"about":[{"href":"https:\/\/rossau.ch\/index.php\/wp-json\/wp\/v2\/types\/page"}],"author":[{"embeddable":true,"href":"https:\/\/rossau.ch\/index.php\/wp-json\/wp\/v2\/users\/5"}],"replies":[{"embeddable":true,"href":"https:\/\/rossau.ch\/index.php\/wp-json\/wp\/v2\/comments?post=4982"}],"version-history":[{"count":30,"href":"https:\/\/rossau.ch\/index.php\/wp-json\/wp\/v2\/pages\/4982\/revisions"}],"predecessor-version":[{"id":5657,"href":"https:\/\/rossau.ch\/index.php\/wp-json\/wp\/v2\/pages\/4982\/revisions\/5657"}],"wp:attachment":[{"href":"https:\/\/rossau.ch\/index.php\/wp-json\/wp\/v2\/media?parent=4982"}],"curies":[{"name":"wp","href":"https:\/\/api.w.org\/{rel}","templated":true}]}}

Übersicht Anlässe

<h5 class="wp-block-heading alignfull has-text-align-center has-ast-global-color-5-color has-text-color has-background" style="background-color:#c83232;margin-bottom:0px">Übersicht Anlässe</h5>



<h6 class="wp-block-heading alignfull has-text-align-center has-background" style="background-color:#8e8e8e;margin-top:0px;margin-bottom:0px"></h6>



<div style="height:30px" aria-hidden="true" class="wp-block-spacer"></div>



<h4 class="wp-block-heading has-text-align-center"><strong><span style="text-decoration: underline;" class="ek-underline">Adventsfenster</span></strong></h4>



<p class="has-text-align-center wp-block-paragraph">Ein grosses Dankeschön an alle, welche unser Dorf so wunderbar strahlen lassen.</p>



<figure class="wp-block-image aligncenter size-full"><img loading="lazy" decoding="async" width="480" height="400" src="https://rossau.ch/wp-content/uploads/2022/11/adventsfenster.jpg" alt="" class="wp-image-5244" srcset="https://rossau.ch/wp-content/uploads/2022/11/adventsfenster.jpg 480w, https://rossau.ch/wp-content/uploads/2022/11/adventsfenster-300x250.jpg 300w, https://rossau.ch/wp-content/uploads/2022/11/adventsfenster-144x120.jpg 144w" sizes="auto, (max-width: 480px) 100vw, 480px" /></figure>



<div style="height:40px" aria-hidden="true" class="wp-block-spacer"></div>



<div class="wp-block-columns is-layout-flex wp-container-core-columns-is-layout-7387b849 wp-block-columns-is-layout-flex">
<div class="wp-block-column is-layout-flow wp-block-column-is-layout-flow">
<figure class="wp-block-embed is-type-video is-provider-youtube wp-block-embed-youtube wp-embed-aspect-16-9 wp-has-aspect-ratio"><div class="wp-block-embed__wrapper">
<iframe loading="lazy" title="Rossauer Weihnachtsfenster S. Brun 2021 01 17 16 29 09" width="500" height="281" src="https://www.youtube.com/embed/Xtn48i9W3FM?feature=oembed" frameborder="0" allow="accelerometer; autoplay; clipboard-write; encrypted-media; gyroscope; picture-in-picture; web-share" referrerpolicy="strict-origin-when-cross-origin" allowfullscreen></iframe>
</div></figure>
</div>



<div class="wp-block-column is-layout-flow wp-block-column-is-layout-flow">
<div style="height:100px" aria-hidden="true" class="wp-block-spacer"></div>



<p class="has-text-align-center wp-block-paragraph"><strong>Film Adventsfernster 2020</strong><br><br>Vielen Dank an Stefan Brun für die Erstellung dieses Videos.</p>
</div>
</div>



<div style="height:40px" aria-hidden="true" class="wp-block-spacer"></div>



<div style="height:0px" aria-hidden="true" class="wp-block-spacer"></div>



<h6 class="wp-block-heading alignfull has-text-align-center has-ast-global-color-3-background-color has-background"></h6>



<div style="height:40px" aria-hidden="true" class="wp-block-spacer"></div>



<h4 class="wp-block-heading has-text-align-center"><strong><span style="text-decoration: underline;" class="ek-underline">Räbenliechtliumzug</span></strong></h4>



<div style="height:40px" aria-hidden="true" class="wp-block-spacer"></div>



<p class="has-text-align-justify wp-block-paragraph">Jedes Jahr anfangs November findet in Rossau der traditionelle Räbenliechtliumzug statt. Dieser wir jeweils von den Rossauer Kindern der 6. Klasse organisiert. Informationen bezüglich der Durchführung wird jeweils mit Flyer und im Rossauer Chat mitgeteilt.</p>



<figure class="wp-block-image aligncenter size-full"><img loading="lazy" decoding="async" width="697" height="351" src="https://rossau.ch/wp-content/uploads/2022/11/raebenliechtli.jpeg" alt="" class="wp-image-5264" srcset="https://rossau.ch/wp-content/uploads/2022/11/raebenliechtli.jpeg 697w, https://rossau.ch/wp-content/uploads/2022/11/raebenliechtli-300x151.jpeg 300w, https://rossau.ch/wp-content/uploads/2022/11/raebenliechtli-150x76.jpeg 150w" sizes="auto, (max-width: 697px) 100vw, 697px" /></figure>



<h6 class="wp-block-heading alignfull has-text-align-center has-ast-global-color-3-background-color has-background"></h6>



<div style="height:40px" aria-hidden="true" class="wp-block-spacer"></div>



<h4 class="wp-block-heading has-text-align-center"><strong><span style="text-decoration: underline;" class="ek-underline">Seifenkistenrennen</span></strong></h4>



<figure class="wp-block-image aligncenter size-full"><a href="http://gp.rossau.ch/" target="_blank" rel="noreferrer noopener"><img loading="lazy" decoding="async" width="1711" height="695" src="https://rossau.ch/wp-content/uploads/2022/11/seifenkistenrennen.png" alt="" class="wp-image-5267" srcset="https://rossau.ch/wp-content/uploads/2022/11/seifenkistenrennen.png 1711w, https://rossau.ch/wp-content/uploads/2022/11/seifenkistenrennen-300x122.png 300w, https://rossau.ch/wp-content/uploads/2022/11/seifenkistenrennen-1024x416.png 1024w, https://rossau.ch/wp-content/uploads/2022/11/seifenkistenrennen-150x61.png 150w, https://rossau.ch/wp-content/uploads/2022/11/seifenkistenrennen-768x312.png 768w, https://rossau.ch/wp-content/uploads/2022/11/seifenkistenrennen-1536x624.png 1536w" sizes="auto, (max-width: 1711px) 100vw, 1711px" /></a></figure>



<h6 class="wp-block-heading alignfull has-text-align-center has-ast-global-color-3-background-color has-background"></h6>



<div style="height:40px" aria-hidden="true" class="wp-block-spacer"></div>



<h4 class="wp-block-heading has-text-align-center"><strong><span style="text-decoration: underline;" class="ek-underline">Fasnacht Rossau</span></strong></h4>



<div style="height:40px" aria-hidden="true" class="wp-block-spacer"></div>



<div class="wp-block-columns is-layout-flex wp-container-core-columns-is-layout-7387b849 wp-block-columns-is-layout-flex">
<div class="wp-block-column is-layout-flow wp-block-column-is-layout-flow">
<figure class="wp-block-image aligncenter size-large"><img loading="lazy" decoding="async" width="1024" height="681" src="https://rossau.ch/wp-content/uploads/2022/11/fasnachtsumzug-1024x681.jpg" alt="" class="wp-image-5273" srcset="https://rossau.ch/wp-content/uploads/2022/11/fasnachtsumzug-1024x681.jpg 1024w, https://rossau.ch/wp-content/uploads/2022/11/fasnachtsumzug-300x199.jpg 300w, https://rossau.ch/wp-content/uploads/2022/11/fasnachtsumzug-150x100.jpg 150w, https://rossau.ch/wp-content/uploads/2022/11/fasnachtsumzug-768x511.jpg 768w, https://rossau.ch/wp-content/uploads/2022/11/fasnachtsumzug-1536x1021.jpg 1536w, https://rossau.ch/wp-content/uploads/2022/11/fasnachtsumzug-2048x1362.jpg 2048w" sizes="auto, (max-width: 1024px) 100vw, 1024px" /></figure>
</div>



<div class="wp-block-column is-layout-flow wp-block-column-is-layout-flow">
<div style="height:70px" aria-hidden="true" class="wp-block-spacer"></div>



<h4 class="wp-block-heading has-text-align-center">Fastnachtsumzug</h4>



<p class="has-text-align-center wp-block-paragraph">Einer der wohl längsten Umzüge geht von Dorf zu Dorf und zieht auch in Rossau jedes Jahr vorbei. Mit grossen Wagen, kleinen Beiträgen und viel Musik ist immer für Aufregung gesorgt. Organisiert wird der Anlass von der <br><a aria-label="Fasnachts Gesellschaft Uerzlikon (opens in a new tab)" href="http://www.fgu.ch/" target="_blank" rel="noreferrer noopener" class="ek-link"><strong>F</strong>asnachts <strong>G</strong>esellschaft <strong>U</strong>erzlikon</a>.</p>
</div>
</div>



<div class="wp-block-columns is-layout-flex wp-container-core-columns-is-layout-7387b849 wp-block-columns-is-layout-flex">
<div class="wp-block-column is-layout-flow wp-block-column-is-layout-flow">
<div style="height:70px" aria-hidden="true" class="wp-block-spacer"></div>



<h4 class="wp-block-heading has-text-align-center">Alphütte Beizli</h4>



<p class="has-text-align-center wp-block-paragraph">Das Alphütte Beizli in Rossau ist legendär und weit bekannt. Es ist immer ein geselliges Treiben mit musikalischer Unterhaltung und Guggenmusik. Schaue vorbei und geniesse die Fasnacht mit uns.</p>
</div>



<div class="wp-block-column is-layout-flow wp-block-column-is-layout-flow">
<figure class="wp-block-image aligncenter size-large"><img loading="lazy" decoding="async" width="1024" height="550" src="https://rossau.ch/wp-content/uploads/2022/11/fasnachtsbeizli-1024x550.jpg" alt="" class="wp-image-5279" srcset="https://rossau.ch/wp-content/uploads/2022/11/fasnachtsbeizli-1024x550.jpg 1024w, https://rossau.ch/wp-content/uploads/2022/11/fasnachtsbeizli-300x161.jpg 300w, https://rossau.ch/wp-content/uploads/2022/11/fasnachtsbeizli-150x81.jpg 150w, https://rossau.ch/wp-content/uploads/2022/11/fasnachtsbeizli-768x413.jpg 768w, https://rossau.ch/wp-content/uploads/2022/11/fasnachtsbeizli-1536x825.jpg 1536w, https://rossau.ch/wp-content/uploads/2022/11/fasnachtsbeizli-2048x1101.jpg 2048w" sizes="auto, (max-width: 1024px) 100vw, 1024px" /></figure>
</div>
</div>



<div style="height:30px" aria-hidden="true" class="wp-block-spacer"></div>



<h6 class="wp-block-heading alignfull has-text-align-center has-background" style="background-color:#8e8e8e;margin-top:0px;margin-bottom:0px"></h6>

<p>Übersicht Anlässe Adventsfenster Ein grosses Dankeschön an alle, welche unser Dorf so wunderbar strahlen lassen. Film Adventsfernster 2020 Vielen Dank an Stefan Brun für die Erstellung dieses Videos. Räbenliechtliumzug Jedes Jahr anfangs November findet in Rossau der traditionelle Räbenliechtliumzug statt. Dieser wir jeweils von den Rossauer Kindern der 6. Klasse organisiert. Informationen bezüglich der Durchführung [&hellip;]</p>
